{"id":47,"date":"2026-01-06T14:52:41","date_gmt":"2026-01-06T14:52:41","guid":{"rendered":"https:\/\/studioyliniemi.fi\/home\/?page_id=47"},"modified":"2026-04-15T14:20:53","modified_gmt":"2026-04-15T14:20:53","slug":"palvelut","status":"publish","type":"page","link":"https:\/\/studioyliniemi.fi\/home\/palvelut\/","title":{"rendered":"Palvelut"},"content":{"rendered":"<div class=\"et_pb_section_0 et_pb_section et_section_regular et_block_section\">\n<div class=\"et_pb_row_0 et_pb_row et_block_row\">\n<div class=\"et_pb_column_0 et_pb_column et_pb_column_4_4 et-last-child et_block_column et_pb_css_mix_blend_mode_passthrough\">\n<div class=\"et_pb_text_0 et_pb_text et_pb_bg_layout_light et_pb_module et_block_module et_pb_text_align_center\"><div class=\"et_pb_text_inner\"><h1 style=\"text-align: center;\">Selke\u00e4t verkkosivut, jotka tukevat liiketoimintaasi<\/h1>\n<\/div><\/div>\n<\/div>\n<\/div>\n\n<div class=\"et_pb_row_1 et_pb_row et_flex_row\">\n<div class=\"et_pb_column_1 et_pb_column et-last-child et_flex_column et_pb_css_mix_blend_mode_passthrough et_flex_column_24_24 et_flex_column_24_24_tablet et_flex_column_24_24_phone\">\n<div class=\"et_pb_text_1 et_pb_text et_pb_bg_layout_light et_pb_module et_flex_module\"><div class=\"et_pb_text_inner\"><h2>Usein ongelma ei ole n\u00e4kyvyydess\u00e4 \u2013 vaan siin\u00e4, mit\u00e4 sivu kertoo asiakkaalle<\/h2>\n<\/div><\/div>\n<\/div>\n<\/div>\n<\/div>\n\n<div class=\"et_pb_section_1 et_pb_section et_section_regular et_block_section\">\n<div class=\"et_pb_row_2 et_pb_row et_flex_row\">\n<div class=\"et_pb_column_2 et_pb_column et-last-child et_flex_column et_pb_css_mix_blend_mode_passthrough et_flex_column_24_24 et_flex_column_24_24_tablet et_flex_column_24_24_phone\">\n<div class=\"et_pb_text_2 et_pb_text et_pb_bg_layout_light et_pb_module et_flex_module\"><div class=\"et_pb_text_inner\"><h2 style=\"text-align: center;\">N\u00e4in voimme selkeytt\u00e4\u00e4 verkkosivusi<\/h2>\n<\/div><\/div>\n\n<div class=\"et_pb_text_3 et_pb_text et_pb_bg_layout_light et_pb_module et_flex_module\"><div class=\"et_pb_text_inner\"><p data-start=\"1122\" data-end=\"1204\" style=\"text-align: center;\">Syy ei yleens\u00e4 ole tiedon puutteessa, vaan siin\u00e4, ettei kokonaisuus ole selke\u00e4.<\/p>\n<p data-start=\"1211\" data-end=\"1280\" style=\"text-align: center;\">Asiakas ei ymm\u00e4rr\u00e4 nopeasti, mit\u00e4 teet ja miksi valita juuri sinut.<\/p>\n<p data-start=\"1287\" data-end=\"1368\" style=\"text-align: center;\"><strong>Siksi ratkaisu ei aina ole uudet verkkosivut, vaan oikea suunta ja selke\u00e4 viesti.<\/strong><\/p>\n<\/div><\/div>\n\n<div class=\"et_pb_text_4 et_pb_text et_pb_bg_layout_light et_pb_module et_flex_module\"><div class=\"et_pb_text_inner\"><h2 style=\"text-align: center;\">Palvelut, jotka l\u00e4htev\u00e4t ajattelusta<\/h2>\n<\/div><\/div>\n\n<div class=\"et_pb_text_5 et_pb_text et_pb_bg_layout_light et_pb_module et_flex_module\"><div class=\"et_pb_text_inner\" data-et-mv-hidden-tablet=\"true\"><p data-start=\"1507\" data-end=\"1623\" style=\"text-align: center;\"><strong>Studio Yliniemess\u00e4 jokainen palvelu l\u00e4htee samasta l\u00e4ht\u00f6kohdasta \u2013 ymm\u00e4rryksest\u00e4, selkeydest\u00e4 ja kokonaisuudesta.<\/strong><\/p>\n<p data-start=\"1507\" data-end=\"1623\" style=\"text-align: center;\">Verkkosivuja voidaan rakentaa, uudistaa tai kehitt\u00e4\u00e4 vaiheittain \u2013 tilanteesi mukaan.<\/p>\n<p data-start=\"1628\" data-end=\"1789\" style=\"text-align: center;\">Autan hahmottamaan olennaisen \u2013 ja miten se tehd\u00e4\u00e4n n\u00e4kyv\u00e4ksi verkkosivuilla.<\/p>\n<p data-start=\"1794\" data-end=\"1937\" style=\"text-align: center;\">Voit aloittaa kevyesti tai edet\u00e4 laajempaan kokonaisuuteen.<\/p>\n<\/div><\/div>\n<\/div>\n<\/div>\n<\/div>\n\n<div class=\"et_pb_section_2 et_pb_section et_section_regular et_flex_section\">\n<div class=\"et_pb_row_3 et_pb_row et_flex_row\">\n<div class=\"et_pb_column_3 et_pb_column et-last-child et_flex_column et_pb_css_mix_blend_mode_passthrough et_flex_column_24_24 et_flex_column_24_24_tablet et_flex_column_24_24_phone\">\n<div class=\"et_pb_text_6 et_pb_text et_pb_bg_layout_light et_pb_module et_flex_module\"><div class=\"et_pb_text_inner\"><h3 style=\"text-align: left;\">Uudet verkkosivut yrityksellesi<\/h3>\n<\/div><\/div>\n\n<div class=\"et_pb_text_7 et_pb_text et_pb_bg_layout_light et_pb_module et_flex_module\"><div class=\"et_pb_text_inner\"><p data-start=\"306\" data-end=\"373\" style=\"text-align: left;\">Kun tarvitset selke\u00e4t, toimivat ja yrityksesi n\u00e4k\u00f6iset verkkosivut.<\/p>\n<p data-start=\"375\" data-end=\"566\" style=\"text-align: left;\">Suunnittelen verkkosivut, jotka kertovat mit\u00e4 teet, kenelle ja miksi juuri sin\u00e4.<br data-start=\"455\" data-end=\"458\" \/>Lopputulos ei ole vain visuaalisesti kaunis, vaan tukee yrityksesi arkea ja viestint\u00e4\u00e4 pitk\u00e4ll\u00e4 aikav\u00e4lill\u00e4.<\/p>\n<p data-start=\"568\" data-end=\"696\" style=\"text-align: left;\">Verkkosivut rakennetaan yrityksen kivijalaksi:<br data-start=\"615\" data-end=\"618\" \/>helpoiksi p\u00e4ivitt\u00e4\u00e4, loogisiksi k\u00e4ytt\u00e4\u00e4 ja kest\u00e4viksi muuttuvissa tilanteissa.<\/p>\n<p data-start=\"698\" data-end=\"782\" style=\"text-align: left;\"><strong data-start=\"698\" data-end=\"782\">T\u00e4m\u00e4 palvelu sopii silloin, kun yritys tarvitsee kokonaan uudet verkkosivut.<\/strong><\/p>\n<p data-start=\"458\" data-end=\"688\" style=\"text-align: left;\"><strong>Hinta 1 190 \u20ac (alv 0%).<br data-start=\"573\" data-end=\"576\" \/><\/strong>Sis\u00e4lt\u00e4\u00e4 verkkosivukokonaisuuden (1\u20132 sivua).<\/p>\n<p data-start=\"458\" data-end=\"688\" style=\"text-align: left;\">Laajemmat sivustot toteutetaan tarjouksen mukaan.<\/p>\n<\/div><\/div>\n\n<div class=\"et_pb_module et_pb_button_module_wrapper et_pb_button_0_wrapper\"><a class=\"et_pb_button_0 et_pb_button et_pb_bg_layout_light et_pb_module et_flex_module\" href=\"https:\/\/studioyliniemi.fi\/home\/uudet-verkkosivut\/\">Katso, miten t\u00e4m\u00e4 toimii \u2192<\/a><\/div>\n<\/div>\n<\/div>\n\n<div class=\"et_pb_row_4 et_pb_row et_flex_row\">\n<div class=\"et_pb_column_4 et_pb_column et-last-child et_flex_column et_pb_css_mix_blend_mode_passthrough et_flex_column_24_24 et_flex_column_24_24_tablet et_flex_column_24_24_phone\">\n<div class=\"et_pb_text_8 et_pb_text et_pb_bg_layout_light et_pb_module et_flex_module\"><div class=\"et_pb_text_inner\"><h3 style=\"text-align: left;\">Nykyisten verkkosivujen uudistus<\/h3>\n<\/div><\/div>\n\n<div class=\"et_pb_text_9 et_pb_text et_pb_bg_layout_light et_pb_module et_flex_module\"><div class=\"et_pb_text_inner\"><p style=\"text-align: left;\">Kun yrityksen verkkosivut eiv\u00e4t ole pysyneet yritystoiminnan mukana.<\/p>\n<p style=\"text-align: left;\">Autan selkeytt\u00e4m\u00e4\u00e4n nykyiset verkkosivusi. Kirkastan rakenteen, viestin ja visuaalisen ilmeen niin, ett\u00e4 sivut tukevat yrityst\u00e4si t\u00e4ss\u00e4 ajassa ja tulevaisuudessa.<\/p>\n<p style=\"text-align: left;\">Jos sivut tuntuvat raskailta, hajanaisilta tai et en\u00e4\u00e4 seiso niiden takana, on aika p\u00e4ivitt\u00e4\u00e4 ajattelu \u2013 ei vain ulkoasua.<\/p>\n<p style=\"text-align: left;\">Uudistuksen tapa valitaan verkkosivuston l\u00e4ht\u00f6tilanteen ja tavoitteiden mukaan.<\/p>\n<p style=\"text-align: left;\"><strong>T\u00e4m\u00e4 on oikea ratkaisu silloin, kun tied\u00e4t jo, ett\u00e4 nykyiset verkkosivut kaipaavat muutosta.<\/strong><\/p>\n<p style=\"text-align: left;\">Palvelu toteutetaan WordPress-sivustoille.<\/p>\n<p style=\"text-align: left;\"><strong data-start=\"1907\" data-end=\"1933\">Hinta alkaen 790 \u20ac (alv 0%).<\/strong><br data-start=\"506\" data-end=\"509\" \/>Hinta m\u00e4\u00e4r\u00e4ytyy muutosten laajuuden mukaan.<\/p>\n<\/div><\/div>\n\n<div class=\"et_pb_module et_pb_button_module_wrapper et_pb_button_1_wrapper\"><a class=\"et_pb_button_1 et_pb_button et_pb_bg_layout_light et_pb_module et_flex_module\" href=\"https:\/\/studioyliniemi.fi\/home\/verkkosivujen-uudistus\/\">Katso, miten t\u00e4m\u00e4 toimii \u2192<\/a><\/div>\n<\/div>\n<\/div>\n\n<div class=\"et_pb_row_5 et_pb_row et_flex_row\">\n<div class=\"et_pb_column_5 et_pb_column et-last-child et_flex_column et_pb_css_mix_blend_mode_passthrough et_flex_column_24_24 et_flex_column_24_24_tablet et_flex_column_24_24_phone\">\n<div class=\"et_pb_text_10 et_pb_text et_pb_bg_layout_light et_pb_module et_flex_module\"><div class=\"et_pb_text_inner\"><h3 style=\"text-align: left;\">Verkkosivujen rakenne- ja sis\u00e4lt\u00f6analyysi<\/h3>\n<\/div><\/div>\n\n<div class=\"et_pb_text_11 et_pb_text et_pb_bg_layout_light et_pb_module et_flex_module\"><div class=\"et_pb_text_inner\"><p style=\"text-align: left;\">Matalan kynnyksen palvelu silloin, kun et tarvitse uusia verkkosivuja \u2013 mutta haluat ymm\u00e4rt\u00e4\u00e4, miten nykyiset sivut toimivat.<\/p>\n<p data-start=\"1033\" data-end=\"1261\" style=\"text-align: left;\">K\u00e4yn verkkosivusi l\u00e4pi ja tunnistan, mik\u00e4 toimii, mik\u00e4 h\u00e4m\u00e4rt\u00e4\u00e4 viesti\u00e4 ja mit\u00e4 kannattaa kehitt\u00e4\u00e4 seuraavaksi. Saat selke\u00e4t havainnot ja konkreettiset ehdotukset, jotka voit toteuttaa itse.<\/p>\n<p data-start=\"458\" data-end=\"688\" style=\"text-align: left;\"><em>Usein suurin muutos syntyy poistamalla turhaa \u2013 ei lis\u00e4\u00e4m\u00e4ll\u00e4 sis\u00e4lt\u00f6\u00e4.<\/em><\/p>\n<p data-start=\"458\" data-end=\"688\" style=\"text-align: left;\"><strong>Palvelu sopii erityisesti silloin, kun haluat ymm\u00e4rt\u00e4\u00e4, mit\u00e4 sivustolla kannattaa muuttaa ennen suurempia uudistuksia.<\/strong><\/p>\n<p data-start=\"327\" data-end=\"391\" style=\"text-align: left;\">Saat selke\u00e4n yhteenvedon ja konkreettiset kehitysehdotukset s\u00e4hk\u00f6postiisi.<\/p>\n<p data-start=\"393\" data-end=\"487\" style=\"text-align: left;\">Voit aloittaa kevyemm\u00e4ll\u00e4 kartoituksella tai valita laajemman analyysin tilanteesi mukaan.<\/p>\n<p data-start=\"489\" data-end=\"555\" style=\"text-align: left;\"><strong data-start=\"489\" data-end=\"520\">Hinta alkaen 190 \u20ac (alv 0%)<\/strong><br data-start=\"520\" data-end=\"523\" \/><strong>Laajempi analyysi 490 \u20ac (alv 0%)<\/strong><\/p>\n<\/div><\/div>\n\n<div class=\"et_pb_module et_pb_button_module_wrapper et_pb_button_2_wrapper\"><a class=\"et_pb_button_2 et_pb_button et_pb_bg_layout_light et_pb_module et_flex_module\" href=\"https:\/\/studioyliniemi.fi\/home\/rakenne-ja-sisalto\/\">Katso vaihtoehdot \u2192<\/a><\/div>\n<\/div>\n<\/div>\n<\/div>\n\n<div class=\"et_pb_section_3 et_pb_section et_section_regular et_flex_section\">\n<div class=\"et_pb_row_6 et_pb_row et_flex_row\">\n<div class=\"et_pb_column_6 et_pb_column et_flex_column et_pb_css_mix_blend_mode_passthrough et_flex_column_3_5 et_flex_column_3_5_tablet et_flex_column_24_24_phone\">\n<div class=\"et_pb_image_0 et_pb_image et_pb_module et_flex_module\"><span class=\"et_pb_image_wrap\"><img decoding=\"async\" src=\"https:\/\/studioyliniemi.fi\/home\/wp-content\/uploads\/2026\/03\/Verkkosivupalvelut_lappari.jpg\" title=\"Verkkosivupalvelut_l\u00e4pp\u00e4ri\" width=\"1500\" height=\"1080\" srcset=\"https:\/\/studioyliniemi.fi\/home\/wp-content\/uploads\/2026\/03\/Verkkosivupalvelut_lappari.jpg 1500w, https:\/\/studioyliniemi.fi\/home\/wp-content\/uploads\/2026\/03\/Verkkosivupalvelut_lappari-1280x922.jpg 1280w, https:\/\/studioyliniemi.fi\/home\/wp-content\/uploads\/2026\/03\/Verkkosivupalvelut_lappari-980x706.jpg 980w, https:\/\/studioyliniemi.fi\/home\/wp-content\/uploads\/2026\/03\/Verkkosivupalvelut_lappari-480x346.jpg 480w\" sizes=\"(min-width: 0px) and (max-width: 480px) 480px, (min-width: 481px) and (max-width: 980px) 980px, (min-width: 981px) and (max-width: 1280px) 1280px, (min-width: 1281px) 1500px, 100vw\" class=\"wp-image-1041\" \/><\/span><\/div>\n<\/div>\n\n<div class=\"et_pb_column_7 et_pb_column et-last-child et_flex_column et_pb_css_mix_blend_mode_passthrough et_flex_column_2_5 et_flex_column_2_5_tablet et_flex_column_24_24_phone\">\n<div class=\"et_pb_text_12 et_pb_text et_pb_bg_layout_light et_pb_module et_flex_module\"><div class=\"et_pb_text_inner\"><h2 style=\"text-align: center;\">Mit\u00e4 projekti maksaa ja kuinka nopeasti p\u00e4\u00e4set liikkeelle<\/h2>\n<\/div><\/div>\n\n<div class=\"et_pb_text_13 et_pb_text et_pb_bg_layout_light et_pb_module et_flex_module\"><div class=\"et_pb_text_inner\"><p data-start=\"1756\" data-end=\"1978\" style=\"text-align: center;\">Verkkosivuprojektin laajuus m\u00e4\u00e4rittyy sis\u00e4ll\u00f6n, rakenteen ja ty\u00f6n kokonaisuuden mukaan. Useimmille palveluyrityksille riitt\u00e4\u00e4 kokonaisuus, joka koostuu 1\u20134 sivusta.<\/p>\n<p data-start=\"1980\" data-end=\"2116\" style=\"text-align: center;\">Projektin toteutus kest\u00e4\u00e4 yleens\u00e4 noin 2\u20135 viikkoa. Aikatauluun vaikuttavat sivuston l\u00e4ht\u00f6tilanne, sis\u00e4ll\u00f6n m\u00e4\u00e4r\u00e4 sek\u00e4 yhteisty\u00f6n rytmi.<\/p>\n<p data-start=\"2118\" data-end=\"2192\" style=\"text-align: center;\">Tarkempi sis\u00e4lt\u00f6 ja eteneminen m\u00e4\u00e4ritell\u00e4\u00e4n aina tilanteesi mukaan.<\/p>\n<\/div><\/div>\n<\/div>\n<\/div>\n<\/div>\n\n<div class=\"et_pb_section_4 et_pb_section et_section_regular et_block_section\">\n<div class=\"et_pb_row_7 et_pb_row et_flex_row\">\n<div class=\"et_pb_column_8 et_pb_column et-last-child et_flex_column et_pb_css_mix_blend_mode_passthrough et_flex_column_24_24 et_flex_column_24_24_tablet et_flex_column_24_24_phone\">\n<div class=\"et_pb_text_14 et_pb_text et_pb_bg_layout_dark et_pb_module et_block_module\"><div class=\"et_pb_text_inner\"><h2>Onko verkkosivujesi suunta selke\u00e4?<\/h2>\n<\/div><\/div>\n\n<div class=\"et_pb_text_15 et_pb_text et_pb_bg_layout_dark et_pb_module et_flex_module\"><div class=\"et_pb_text_inner\"><p style=\"text-align: center;\">Kun viesti kirkastuu, asiakkaan on helpompi valita sinut.<\/p>\n<\/div><\/div>\n<\/div>\n<\/div>\n\n<div class=\"et_pb_row_8 et_pb_row et_flex_row\">\n<div class=\"et_pb_column_9 et_pb_column et-last-child et_flex_column et_pb_css_mix_blend_mode_passthrough et_flex_column_24_24 et_flex_column_24_24_tablet et_flex_column_24_24_phone\">\n<div class=\"et_pb_text_16 et_pb_text et_pb_bg_layout_light et_clickable et_pb_module et_block_module et_flex_column_24_24\"><div class=\"et_pb_text_inner\" data-et-mv-hidden-phone=\"true\"><p>Varaa maksuton alkukartoitus<\/p>\n<\/div><\/div>\n<\/div>\n<\/div>\n\n<div class=\"et_pb_row_9 et_pb_row et_flex_row\">\n<div class=\"et_pb_column_10 et_pb_column et-last-child et_flex_column et_pb_css_mix_blend_mode_passthrough et_flex_column_24_24 et_flex_column_24_24_tablet et_flex_column_24_24_phone\">\n<div class=\"et_pb_text_17 et_pb_text et_pb_bg_layout_light et_pb_module et_flex_module\"><div class=\"et_pb_text_inner\"><p style=\"text-align: center;\">Voit my\u00f6s olla suoraan yhteydess\u00e4:<\/p>\n<\/div><\/div>\n\n<div class=\"et_pb_blurb_0 et_pb_blurb et_pb_bg_layout_dark et_pb_text_align_center et_pb_blurb_position_top et_pb_module et_block_module\"><div class=\"et_pb_blurb_content\"><div class=\"et_pb_blurb_container\"><h4 class=\"et_pb_module_header\">S\u00e4hk\u00f6posti<\/h4><div class=\"et_pb_blurb_description\"><p><a href=\"mailto:info@studioyliniemi.fi\">info@studioyliniemi.fi<\/a><\/p>\n<\/div><\/div><\/div><\/div>\n\n<div class=\"et_pb_blurb_1 et_pb_blurb et_pb_bg_layout_dark et_pb_text_align_center et_pb_blurb_position_top et_pb_module et_block_module\"><div class=\"et_pb_blurb_content\"><div class=\"et_pb_blurb_container\"><h4 class=\"et_pb_module_header\">Puhelin<\/h4><div class=\"et_pb_blurb_description\"><p><a href=\"tel:0408230354\">040 8230 354<\/a><\/p>\n<\/div><\/div><\/div><\/div>\n<\/div>\n<\/div>\n<\/div>","protected":false},"excerpt":{"rendered":"","protected":false},"author":1,"featured_media":0,"parent":0,"menu_order":0,"comment_status":"closed","ping_status":"closed","template":"","meta":{"footnotes":""},"class_list":["post-47","page","type-page","status-publish","hentry"],"yoast_head":"<!-- This site is optimized with the Yoast SEO plugin v27.4 - https:\/\/yoast.com\/product\/yoast-seo-wordpress\/ -->\n<title>Verkkosivupalvelut yrityksille | Studio Yliniemi | Oulu<\/title>\n<meta name=\"description\" content=\"Studio Yliniemi tarjoaa verkkosivupalvelut yrityksille, jotka haluavat selke\u00e4t ja luottamusta rakentavat sivut. Rakenne, viesti ja sis\u00e4lt\u00f6.\" \/>\n<meta name=\"robots\" content=\"index, follow, max-snippet:-1, max-image-preview:large, max-video-preview:-1\" \/>\n<link rel=\"canonical\" href=\"https:\/\/studioyliniemi.fi\/home\/palvelut\/\" \/>\n<meta property=\"og:locale\" content=\"fi_FI\" \/>\n<meta property=\"og:type\" content=\"article\" \/>\n<meta property=\"og:title\" content=\"Verkkosivupalvelut yrityksille | Studio Yliniemi | Oulu\" \/>\n<meta property=\"og:description\" content=\"Studio Yliniemi tarjoaa verkkosivupalvelut yrityksille, jotka haluavat selke\u00e4t ja luottamusta rakentavat sivut. Rakenne, viesti ja sis\u00e4lt\u00f6.\" \/>\n<meta property=\"og:url\" content=\"https:\/\/studioyliniemi.fi\/home\/palvelut\/\" \/>\n<meta property=\"og:site_name\" content=\"Studio Yliniemi\" \/>\n<meta property=\"article:modified_time\" content=\"2026-04-15T14:20:53+00:00\" \/>\n<meta name=\"twitter:card\" content=\"summary_large_image\" \/>\n<script type=\"application\/ld+json\" class=\"yoast-schema-graph\">{\"@context\":\"https:\\\/\\\/schema.org\",\"@graph\":[{\"@type\":\"WebPage\",\"@id\":\"https:\\\/\\\/studioyliniemi.fi\\\/home\\\/palvelut\\\/\",\"url\":\"https:\\\/\\\/studioyliniemi.fi\\\/home\\\/palvelut\\\/\",\"name\":\"Verkkosivupalvelut yrityksille | Studio Yliniemi | Oulu\",\"isPartOf\":{\"@id\":\"https:\\\/\\\/studioyliniemi.fi\\\/home\\\/#website\"},\"datePublished\":\"2026-01-06T14:52:41+00:00\",\"dateModified\":\"2026-04-15T14:20:53+00:00\",\"description\":\"Studio Yliniemi tarjoaa verkkosivupalvelut yrityksille, jotka haluavat selke\u00e4t ja luottamusta rakentavat sivut. Rakenne, viesti ja sis\u00e4lt\u00f6.\",\"breadcrumb\":{\"@id\":\"https:\\\/\\\/studioyliniemi.fi\\\/home\\\/palvelut\\\/#breadcrumb\"},\"inLanguage\":\"fi\",\"potentialAction\":[{\"@type\":\"ReadAction\",\"target\":[\"https:\\\/\\\/studioyliniemi.fi\\\/home\\\/palvelut\\\/\"]}]},{\"@type\":\"BreadcrumbList\",\"@id\":\"https:\\\/\\\/studioyliniemi.fi\\\/home\\\/palvelut\\\/#breadcrumb\",\"itemListElement\":[{\"@type\":\"ListItem\",\"position\":1,\"name\":\"Etusivu\",\"item\":\"https:\\\/\\\/studioyliniemi.fi\\\/home\\\/\"},{\"@type\":\"ListItem\",\"position\":2,\"name\":\"Palvelut\"}]},{\"@type\":\"WebSite\",\"@id\":\"https:\\\/\\\/studioyliniemi.fi\\\/home\\\/#website\",\"url\":\"https:\\\/\\\/studioyliniemi.fi\\\/home\\\/\",\"name\":\"Studio Yliniemi\",\"description\":\"Visualinen sivusto\",\"potentialAction\":[{\"@type\":\"SearchAction\",\"target\":{\"@type\":\"EntryPoint\",\"urlTemplate\":\"https:\\\/\\\/studioyliniemi.fi\\\/home\\\/?s={search_term_string}\"},\"query-input\":{\"@type\":\"PropertyValueSpecification\",\"valueRequired\":true,\"valueName\":\"search_term_string\"}}],\"inLanguage\":\"fi\"}]}<\/script>\n<!-- \/ Yoast SEO plugin. -->","yoast_head_json":{"title":"Verkkosivupalvelut yrityksille | Studio Yliniemi | Oulu","description":"Studio Yliniemi tarjoaa verkkosivupalvelut yrityksille, jotka haluavat selke\u00e4t ja luottamusta rakentavat sivut. Rakenne, viesti ja sis\u00e4lt\u00f6.","robots":{"index":"index","follow":"follow","max-snippet":"max-snippet:-1","max-image-preview":"max-image-preview:large","max-video-preview":"max-video-preview:-1"},"canonical":"https:\/\/studioyliniemi.fi\/home\/palvelut\/","og_locale":"fi_FI","og_type":"article","og_title":"Verkkosivupalvelut yrityksille | Studio Yliniemi | Oulu","og_description":"Studio Yliniemi tarjoaa verkkosivupalvelut yrityksille, jotka haluavat selke\u00e4t ja luottamusta rakentavat sivut. Rakenne, viesti ja sis\u00e4lt\u00f6.","og_url":"https:\/\/studioyliniemi.fi\/home\/palvelut\/","og_site_name":"Studio Yliniemi","article_modified_time":"2026-04-15T14:20:53+00:00","twitter_card":"summary_large_image","schema":{"@context":"https:\/\/schema.org","@graph":[{"@type":"WebPage","@id":"https:\/\/studioyliniemi.fi\/home\/palvelut\/","url":"https:\/\/studioyliniemi.fi\/home\/palvelut\/","name":"Verkkosivupalvelut yrityksille | Studio Yliniemi | Oulu","isPartOf":{"@id":"https:\/\/studioyliniemi.fi\/home\/#website"},"datePublished":"2026-01-06T14:52:41+00:00","dateModified":"2026-04-15T14:20:53+00:00","description":"Studio Yliniemi tarjoaa verkkosivupalvelut yrityksille, jotka haluavat selke\u00e4t ja luottamusta rakentavat sivut. Rakenne, viesti ja sis\u00e4lt\u00f6.","breadcrumb":{"@id":"https:\/\/studioyliniemi.fi\/home\/palvelut\/#breadcrumb"},"inLanguage":"fi","potentialAction":[{"@type":"ReadAction","target":["https:\/\/studioyliniemi.fi\/home\/palvelut\/"]}]},{"@type":"BreadcrumbList","@id":"https:\/\/studioyliniemi.fi\/home\/palvelut\/#breadcrumb","itemListElement":[{"@type":"ListItem","position":1,"name":"Etusivu","item":"https:\/\/studioyliniemi.fi\/home\/"},{"@type":"ListItem","position":2,"name":"Palvelut"}]},{"@type":"WebSite","@id":"https:\/\/studioyliniemi.fi\/home\/#website","url":"https:\/\/studioyliniemi.fi\/home\/","name":"Studio Yliniemi","description":"Visualinen sivusto","potentialAction":[{"@type":"SearchAction","target":{"@type":"EntryPoint","urlTemplate":"https:\/\/studioyliniemi.fi\/home\/?s={search_term_string}"},"query-input":{"@type":"PropertyValueSpecification","valueRequired":true,"valueName":"search_term_string"}}],"inLanguage":"fi"}]}},"_links":{"self":[{"href":"https:\/\/studioyliniemi.fi\/home\/wp-json\/wp\/v2\/pages\/47","targetHints":{"allow":["GET"]}}],"collection":[{"href":"https:\/\/studioyliniemi.fi\/home\/wp-json\/wp\/v2\/pages"}],"about":[{"href":"https:\/\/studioyliniemi.fi\/home\/wp-json\/wp\/v2\/types\/page"}],"author":[{"embeddable":true,"href":"https:\/\/studioyliniemi.fi\/home\/wp-json\/wp\/v2\/users\/1"}],"replies":[{"embeddable":true,"href":"https:\/\/studioyliniemi.fi\/home\/wp-json\/wp\/v2\/comments?post=47"}],"version-history":[{"count":148,"href":"https:\/\/studioyliniemi.fi\/home\/wp-json\/wp\/v2\/pages\/47\/revisions"}],"predecessor-version":[{"id":1140,"href":"https:\/\/studioyliniemi.fi\/home\/wp-json\/wp\/v2\/pages\/47\/revisions\/1140"}],"wp:attachment":[{"href":"https:\/\/studioyliniemi.fi\/home\/wp-json\/wp\/v2\/media?parent=47"}],"curies":[{"name":"wp","href":"https:\/\/api.w.org\/{rel}","templated":true}]}}